{"id":484,"date":"2023-02-20T13:32:51","date_gmt":"2023-02-20T13:32:51","guid":{"rendered":"https:\/\/theostream.com\/p\/?page_id=484"},"modified":"2024-01-18T09:28:09","modified_gmt":"2024-01-18T09:28:09","slug":"mentions-legales","status":"publish","type":"page","link":"https:\/\/theostream.com\/p\/mentions-legales\/","title":{"rendered":"Mentions l\u00e9gales"},"content":{"rendered":"\t\t<div data-elementor-type=\"wp-page\" data-elementor-id=\"484\" class=\"elementor elementor-484\">\n\t\t\t\t\t\t\t\t\t<section class=\"elementor-section elementor-top-section elementor-element elementor-element-aae0053 elementor-section-boxed elementor-section-height-default elementor-section-height-default\" data-id=\"aae0053\" data-element_type=\"section\">\n\t\t\t\t\t\t<div class=\"elementor-container elementor-column-gap-default\">\n\t\t\t\t\t<div class=\"elementor-column elementor-col-100 elementor-top-column elementor-element elementor-element-665c85a\" data-id=\"665c85a\" data-element_type=\"column\">\n\t\t\t<div class=\"elementor-widget-wrap elementor-element-populated\">\n\t\t\t\t\t\t\t\t<div class=\"elementor-element elementor-element-2d1d61c elementor-widget elementor-widget-heading\" data-id=\"2d1d61c\" data-element_type=\"widget\" data-widget_type=\"heading.default\">\n\t\t\t\t<div class=\"elementor-widget-container\">\n\t\t\t<style>\/*! elementor - v3.16.0 - 20-09-2023 *\/\n.elementor-heading-title{padding:0;margin:0;line-height:1}.elementor-widget-heading .elementor-heading-title[class*=elementor-size-]>a{color:inherit;font-size:inherit;line-height:inherit}.elementor-widget-heading .elementor-heading-title.elementor-size-small{font-size:15px}.elementor-widget-heading .elementor-heading-title.elementor-size-medium{font-size:19px}.elementor-widget-heading .elementor-heading-title.elementor-size-large{font-size:29px}.elementor-widget-heading .elementor-heading-title.elementor-size-xl{font-size:39px}.elementor-widget-heading .elementor-heading-title.elementor-size-xxl{font-size:59px}<\/style><h1 class=\"elementor-heading-title elementor-size-default\">Mentions l\u00e9gales<\/h1>\t\t<\/div>\n\t\t\t\t<\/div>\n\t\t\t\t\t<\/div>\n\t\t<\/div>\n\t\t\t\t\t\t\t<\/div>\n\t\t<\/section>\n\t\t\t\t<section class=\"elementor-section elementor-top-section elementor-element elementor-element-45dfae4 elementor-section-boxed elementor-section-height-default elementor-section-height-default\" data-id=\"45dfae4\" data-element_type=\"section\">\n\t\t\t\t\t\t<div class=\"elementor-container elementor-column-gap-default\">\n\t\t\t\t\t<div class=\"elementor-column elementor-col-100 elementor-top-column elementor-element elementor-element-f59287f\" data-id=\"f59287f\" data-element_type=\"column\">\n\t\t\t<div class=\"elementor-widget-wrap\">\n\t\t\t\t\t\t\t\t\t<\/div>\n\t\t<\/div>\n\t\t\t\t\t\t\t<\/div>\n\t\t<\/section>\n\t\t\t\t<section class=\"elementor-section elementor-top-section elementor-element elementor-element-1e1c804 elementor-section-boxed elementor-section-height-default elementor-section-height-default\" data-id=\"1e1c804\" data-element_type=\"section\">\n\t\t\t\t\t\t<div class=\"elementor-container elementor-column-gap-default\">\n\t\t\t\t\t<div class=\"elementor-column elementor-col-100 elementor-top-column elementor-element elementor-element-d1bc095\" data-id=\"d1bc095\" data-element_type=\"column\">\n\t\t\t<div class=\"elementor-widget-wrap elementor-element-populated\">\n\t\t\t\t\t\t\t\t<div class=\"elementor-element elementor-element-3508ece elementor-widget elementor-widget-text-editor\" data-id=\"3508ece\" data-element_type=\"widget\" data-widget_type=\"text-editor.default\">\n\t\t\t\t<div class=\"elementor-widget-container\">\n\t\t\t<style>\/*! elementor - v3.16.0 - 20-09-2023 *\/\n.elementor-widget-text-editor.elementor-drop-cap-view-stacked .elementor-drop-cap{background-color:#69727d;color:#fff}.elementor-widget-text-editor.elementor-drop-cap-view-framed .elementor-drop-cap{color:#69727d;border:3px solid;background-color:transparent}.elementor-widget-text-editor:not(.elementor-drop-cap-view-default) .elementor-drop-cap{margin-top:8px}.elementor-widget-text-editor:not(.elementor-drop-cap-view-default) .elementor-drop-cap-letter{width:1em;height:1em}.elementor-widget-text-editor .elementor-drop-cap{float:left;text-align:center;line-height:1;font-size:50px}.elementor-widget-text-editor .elementor-drop-cap-letter{display:inline-block}<\/style>\t\t\t\t<h3 style=\"color: #98a9bf;\"><b>\u00c9diteur du Site :<\/b><\/h3><p>Communaut\u00e9 de l&rsquo;Emmanuel<br \/>Identifiant SIREN : <br \/>N\u00b0 RNA<br \/>Responsable \u00e9ditorial : <br \/><br \/>Email :\u00a0<a href=\"mailto:episcope@theostream.com\">episcope@theostream.com<\/a><br \/>Site Web :\u00a0<a href=\"https:\/\/theostream.com\/\">https:\/\/theostream.com\/<\/a><\/p><h3 style=\"color: #98a9bf;\"><b>H\u00e9bergement :<\/b><\/h3><p>Lynx-Business<br \/>12 RUE DES CHAUFFOURS 95000 CERGY<br \/>T\u00e9l\u00e9phone : 01 84 24 42 65<br \/>Mail :<a href=\"mailto: contact@lynx-business.com\"> contact@lynx-business.com<\/a><br \/>SIRET : 83272778800032<\/p><h3 style=\"color: #98a9bf;\"><b>D\u00e9veloppement\u00a0:<\/b><\/h3><p>LYNX-BUSINESS<br \/>12 RUE DES CHAUFFOURS 95000 CERGY<br \/>T\u00e9l\u00e9phone :\u00a001 84 24 42 65<br \/>Mail :\u00a0<a href=\"mailto:contact@lynx-business.com\">contact@lynx-business.com<\/a><br \/>Site Web :\u00a0<a href=\"https:\/\/lynx-business.com\/\">https:\/\/lynx-business.com\/<\/a><\/p>\t\t\t\t\t\t<\/div>\n\t\t\t\t<\/div>\n\t\t\t\t\t<\/div>\n\t\t<\/div>\n\t\t\t\t\t\t\t<\/div>\n\t\t<\/section>\n\t\t\t\t\t\t\t<\/div>\n\t\t","protected":false},"excerpt":{"rendered":"<p>Mentions l\u00e9gales \u00c9diteur du Site : Communaut\u00e9 de l&rsquo;EmmanuelIdentifiant SIREN : N\u00b0 RNAResponsable \u00e9ditorial : Email :\u00a0episcope@theostream.comSite Web :\u00a0https:\/\/theostream.com\/ H\u00e9bergement : Lynx-Business12 RUE DES CHAUFFOURS 95000 CERGYT\u00e9l\u00e9phone : 01 84 24 42 65Mail : contact@lynx-business.comSIRET : 83272778800032 D\u00e9veloppement\u00a0: LYNX-BUSINESS12 RUE DES CHAUFFOURS 95000 CERGYT\u00e9l\u00e9phone :\u00a001 84 24 42 65Mail :\u00a0contact@lynx-business.comSite Web :\u00a0https:\/\/lynx-business.com\/<\/p>\n","protected":false},"author":1,"featured_media":0,"parent":0,"menu_order":0,"comment_status":"closed","ping_status":"closed","template":"","meta":{"site-sidebar-layout":"no-sidebar","site-content-layout":"page-builder","ast-global-header-display":"","ast-main-header-display":"","ast-hfb-above-header-display":"","ast-hfb-below-header-display":"","ast-hfb-mobile-header-display":"","site-post-title":"disabled","ast-breadcrumbs-content":"","ast-featured-img":"disabled","footer-sml-layout":"","theme-transparent-header-meta":"","adv-header-id-meta":"","stick-header-meta":"","header-above-stick-meta":"","header-main-stick-meta":"","header-below-stick-meta":"","footnotes":""},"class_list":["post-484","page","type-page","status-publish","hentry"],"_links":{"self":[{"href":"https:\/\/theostream.com\/p\/wp-json\/wp\/v2\/pages\/484","targetHints":{"allow":["GET"]}}],"collection":[{"href":"https:\/\/theostream.com\/p\/wp-json\/wp\/v2\/pages"}],"about":[{"href":"https:\/\/theostream.com\/p\/wp-json\/wp\/v2\/types\/page"}],"author":[{"embeddable":true,"href":"https:\/\/theostream.com\/p\/wp-json\/wp\/v2\/users\/1"}],"replies":[{"embeddable":true,"href":"https:\/\/theostream.com\/p\/wp-json\/wp\/v2\/comments?post=484"}],"version-history":[{"count":25,"href":"https:\/\/theostream.com\/p\/wp-json\/wp\/v2\/pages\/484\/revisions"}],"predecessor-version":[{"id":1201,"href":"https:\/\/theostream.com\/p\/wp-json\/wp\/v2\/pages\/484\/revisions\/1201"}],"wp:attachment":[{"href":"https:\/\/theostream.com\/p\/wp-json\/wp\/v2\/media?parent=484"}],"curies":[{"name":"wp","href":"https:\/\/api.w.org\/{rel}","templated":true}]}}