{"id":511,"date":"2023-02-20T17:03:42","date_gmt":"2023-02-20T17:03:42","guid":{"rendered":"https:\/\/theostream.com\/p\/?page_id=511"},"modified":"2024-01-18T09:47:33","modified_gmt":"2024-01-18T09:47:33","slug":"nous-rejoindre","status":"publish","type":"page","link":"https:\/\/theostream.com\/p\/nous-rejoindre\/","title":{"rendered":"Nous rejoindre"},"content":{"rendered":"\t\t<div data-elementor-type=\"wp-page\" data-elementor-id=\"511\" class=\"elementor elementor-511\">\n\t\t\t\t\t\t\t\t\t<section class=\"elementor-section elementor-top-section elementor-element elementor-element-aae0053 elementor-section-boxed elementor-section-height-default elementor-section-height-default\" data-id=\"aae0053\" data-element_type=\"section\">\n\t\t\t\t\t\t<div class=\"elementor-container elementor-column-gap-default\">\n\t\t\t\t\t<div class=\"elementor-column elementor-col-100 elementor-top-column elementor-element elementor-element-665c85a\" data-id=\"665c85a\" data-element_type=\"column\">\n\t\t\t<div class=\"elementor-widget-wrap elementor-element-populated\">\n\t\t\t\t\t\t\t\t<div class=\"elementor-element elementor-element-2d1d61c elementor-widget elementor-widget-heading\" data-id=\"2d1d61c\" data-element_type=\"widget\" data-widget_type=\"heading.default\">\n\t\t\t\t<div class=\"elementor-widget-container\">\n\t\t\t<style>\/*! elementor - v3.16.0 - 20-09-2023 *\/\n.elementor-heading-title{padding:0;margin:0;line-height:1}.elementor-widget-heading .elementor-heading-title[class*=elementor-size-]>a{color:inherit;font-size:inherit;line-height:inherit}.elementor-widget-heading .elementor-heading-title.elementor-size-small{font-size:15px}.elementor-widget-heading .elementor-heading-title.elementor-size-medium{font-size:19px}.elementor-widget-heading .elementor-heading-title.elementor-size-large{font-size:29px}.elementor-widget-heading .elementor-heading-title.elementor-size-xl{font-size:39px}.elementor-widget-heading .elementor-heading-title.elementor-size-xxl{font-size:59px}<\/style><h1 class=\"elementor-heading-title elementor-size-default\">Nous rejoindre<\/h1>\t\t<\/div>\n\t\t\t\t<\/div>\n\t\t\t\t\t<\/div>\n\t\t<\/div>\n\t\t\t\t\t\t\t<\/div>\n\t\t<\/section>\n\t\t\t\t<section class=\"elementor-section elementor-top-section elementor-element elementor-element-41bbc98 elementor-section-boxed elementor-section-height-default elementor-section-height-default\" data-id=\"41bbc98\" data-element_type=\"section\">\n\t\t\t\t\t\t<div class=\"elementor-container elementor-column-gap-default\">\n\t\t\t\t\t<div class=\"elementor-column elementor-col-100 elementor-top-column elementor-element elementor-element-420b1f4\" data-id=\"420b1f4\" data-element_type=\"column\">\n\t\t\t<div class=\"elementor-widget-wrap elementor-element-populated\">\n\t\t\t\t\t\t\t\t<div class=\"elementor-element elementor-element-7165435 elementor-widget elementor-widget-image\" data-id=\"7165435\" data-element_type=\"widget\" data-widget_type=\"image.default\">\n\t\t\t\t<div class=\"elementor-widget-container\">\n\t\t\t<style>\/*! elementor - v3.16.0 - 20-09-2023 *\/\n.elementor-widget-image{text-align:center}.elementor-widget-image a{display:inline-block}.elementor-widget-image a img[src$=\".svg\"]{width:48px}.elementor-widget-image img{vertical-align:middle;display:inline-block}<\/style>\t\t\t\t\t\t\t\t\t\t\t\t<img loading=\"lazy\" decoding=\"async\" width=\"152\" height=\"150\" src=\"https:\/\/theostream.com\/p\/wp-content\/uploads\/2023\/02\/p-logo-episcope-TR.png\" class=\"attachment-medium size-medium wp-image-651\" alt=\"\" \/>\t\t\t\t\t\t\t\t\t\t\t\t\t\t\t<\/div>\n\t\t\t\t<\/div>\n\t\t\t\t<div class=\"elementor-element elementor-element-5f3c651 elementor-widget elementor-widget-text-editor\" data-id=\"5f3c651\" data-element_type=\"widget\" data-widget_type=\"text-editor.default\">\n\t\t\t\t<div class=\"elementor-widget-container\">\n\t\t\t<style>\/*! elementor - v3.16.0 - 20-09-2023 *\/\n.elementor-widget-text-editor.elementor-drop-cap-view-stacked .elementor-drop-cap{background-color:#69727d;color:#fff}.elementor-widget-text-editor.elementor-drop-cap-view-framed .elementor-drop-cap{color:#69727d;border:3px solid;background-color:transparent}.elementor-widget-text-editor:not(.elementor-drop-cap-view-default) .elementor-drop-cap{margin-top:8px}.elementor-widget-text-editor:not(.elementor-drop-cap-view-default) .elementor-drop-cap-letter{width:1em;height:1em}.elementor-widget-text-editor .elementor-drop-cap{float:left;text-align:center;line-height:1;font-size:50px}.elementor-widget-text-editor .elementor-drop-cap-letter{display:inline-block}<\/style>\t\t\t\t<h2 style=\"text-align: center; color: #ffc658;\">\u00c9vang\u00e9lisateurs,<br \/>rejoignez-nous !<\/h2><h3 style=\"text-align: center; color: #ffc658;\"><strong>vous produisez r\u00e9guli\u00e8rement<br \/>des contenus chr\u00e9tiens<br \/>sur les r\u00e9seaux sociaux.<\/strong><\/h3><p class=\"micheldemi\" style=\"font-size: 1em;\">Vous aidez ceux qui sont en recherche<br \/>sur Internet \u00e0 d\u00e9couvrir Dieu et la Bonne Nouvelle,<\/p><p class=\"micheldemi\" style=\"font-size: 1em;\"><strong>Ne soyez plus seuls, rejoignez notre communaut\u00e9 !<\/strong><\/p><p><a href=\"mailto:episcope@theostream.com\"><b>episcope@theostream.com<\/b><\/a><\/p><div>\u00a0<\/div><p>\u00a0<\/p>\t\t\t\t\t\t<\/div>\n\t\t\t\t<\/div>\n\t\t\t\t\t<\/div>\n\t\t<\/div>\n\t\t\t\t\t\t\t<\/div>\n\t\t<\/section>\n\t\t\t\t\t\t\t<\/div>\n\t\t","protected":false},"excerpt":{"rendered":"<p>Nous rejoindre \u00c9vang\u00e9lisateurs,rejoignez-nous ! vous produisez r\u00e9guli\u00e8rementdes contenus chr\u00e9tienssur les r\u00e9seaux sociaux. Vous aidez ceux qui sont en recherchesur Internet \u00e0 d\u00e9couvrir Dieu et la Bonne Nouvelle, Ne soyez plus seuls, rejoignez notre communaut\u00e9 ! episcope@theostream.com \u00a0 \u00a0<\/p>\n","protected":false},"author":1,"featured_media":0,"parent":0,"menu_order":0,"comment_status":"closed","ping_status":"closed","template":"","meta":{"site-sidebar-layout":"no-sidebar","site-content-layout":"page-builder","ast-global-header-display":"","ast-main-header-display":"","ast-hfb-above-header-display":"","ast-hfb-below-header-display":"","ast-hfb-mobile-header-display":"","site-post-title":"disabled","ast-breadcrumbs-content":"","ast-featured-img":"disabled","footer-sml-layout":"","theme-transparent-header-meta":"","adv-header-id-meta":"","stick-header-meta":"","header-above-stick-meta":"","header-main-stick-meta":"","header-below-stick-meta":"","footnotes":""},"class_list":["post-511","page","type-page","status-publish","hentry"],"_links":{"self":[{"href":"https:\/\/theostream.com\/p\/wp-json\/wp\/v2\/pages\/511","targetHints":{"allow":["GET"]}}],"collection":[{"href":"https:\/\/theostream.com\/p\/wp-json\/wp\/v2\/pages"}],"about":[{"href":"https:\/\/theostream.com\/p\/wp-json\/wp\/v2\/types\/page"}],"author":[{"embeddable":true,"href":"https:\/\/theostream.com\/p\/wp-json\/wp\/v2\/users\/1"}],"replies":[{"embeddable":true,"href":"https:\/\/theostream.com\/p\/wp-json\/wp\/v2\/comments?post=511"}],"version-history":[{"count":55,"href":"https:\/\/theostream.com\/p\/wp-json\/wp\/v2\/pages\/511\/revisions"}],"predecessor-version":[{"id":1233,"href":"https:\/\/theostream.com\/p\/wp-json\/wp\/v2\/pages\/511\/revisions\/1233"}],"wp:attachment":[{"href":"https:\/\/theostream.com\/p\/wp-json\/wp\/v2\/media?parent=511"}],"curies":[{"name":"wp","href":"https:\/\/api.w.org\/{rel}","templated":true}]}}